{"id":825,"date":"2018-08-29T18:54:53","date_gmt":"2018-08-29T21:54:53","guid":{"rendered":"https:\/\/isfd104-bue.infd.edu.ar\/sitio\/datos-institucionales\/"},"modified":"2024-04-14T11:35:51","modified_gmt":"2024-04-14T14:35:51","slug":"institucionales-2","status":"publish","type":"page","link":"https:\/\/isfd104-bue.infd.edu.ar\/sitio\/institucionales-2\/","title":{"rendered":"Autoridades\/ Datos Institucionales"},"content":{"rendered":"<p>\u00a0<\/p>\n<div style=\"position: relative; width: 100%; height: 0; padding-top: 70.7071%; padding-bottom: 0; box-shadow: 0 2px 8px 0 rgba(63,69,81,0.16); margin-top: 1.6em; margin-bottom: 0.9em; overflow: hidden; border-radius: 8px; will-change: transform;\"><iframe style=\"position: absolute; width: 100%; height: 100%; top: 0; left: 0; border: none; padding: 0; margin: 0;\" src=\"https:\/\/www.canva.com\/design\/DAGCZWyQCtM\/o4b1e2wIp70bZcuSkXuy4Q\/view?embed\" allowfullscreen=\"allowfullscreen\"><br \/>\n  <\/iframe><\/div>\n<p style=\"text-align: center;\"><span style=\"color: #008080; font-size: 12pt;\"><strong><span style=\"font-family: tahoma,arial,helvetica,sans-serif;\"><span style=\"font-family: verdana;\"><span style=\"font-size: 10pt;\"><em>\u00a0<\/em><\/span><\/span><\/span><\/strong><\/span><\/p>\n<p style=\"text-align: center;\"><span style=\"font-family: tahoma,arial,helvetica,sans-serif;\"><span style=\"font-size: 10pt;\"><span style=\"font-family: verdana;\"><strong><span style=\"text-decoration: underline;\">Horarios de atenci\u00f3n<\/span><\/strong>: Lunes a Viernes de 18.30 a 22.30 hs.<\/span><\/span><\/span><\/p>\n<p style=\"text-align: center;\"><span style=\"font-family: verdana; font-size: 10pt;\"><strong>Direcci\u00f3n:<\/strong> Mitre 364 C.P. 1878<\/span><\/p>\n<p style=\"text-align: center;\"><span style=\"font-family: tahoma,arial,helvetica,sans-serif;\"><span style=\"font-size: 10pt;\"><span style=\"font-family: verdana;\"><span style=\"text-decoration: underline;\"><strong>Tel\u00e9fono<\/strong> <\/span>: sin <span style=\"font-size: 13.3333px;\">tel\u00e9fono<\/span> de l\u00ednea <\/span><\/span><\/span><\/p>\n<p style=\"text-align: center;\"><span style=\"font-family: tahoma,arial,helvetica,sans-serif;\"><span style=\"font-size: 10pt;\"><span style=\"font-family: verdana;\"><b style=\"font-family: verdana; font-size: 10pt;\">Ubicaci\u00f3n:<\/b><\/span><\/span><\/span><\/p>\n<ul>\n<li style=\"text-align: center;\"><span style=\"font-size: 13.3333px;\"><u> <iframe loading=\"lazy\" style=\"border: 0;\" tabindex=\"0\" src=\"https:\/\/www.google.com\/maps\/embed?pb=!1m14!1m8!1m3!1d6559.095274319214!2d-58.257!3d-34.716588!3m2!1i1024!2i768!4f13.1!3m3!1m2!1s0x0%3A0x0!2zMzTCsDQzJzAxLjMiUyA1OMKwMTUnMjUuMCJX!5e0!3m2!1ses-419!2sar!4v1611690068333!5m2!1ses-419!2sar\" width=\"600\" height=\"450\" frameborder=\"0\" allowfullscreen=\"allowfullscreen\" aria-hidden=\"false\" data-mce-fragment=\"1\"><\/iframe><\/u><\/span><\/li>\n<\/ul>\n<p style=\"text-align: center;\">\u00a0<\/p>\n<div>\u00a0<\/div>\n<hr \/>\n<p style=\"text-align: center;\">\u00a0<\/p>\n\n\n<p><\/p>\n","protected":false},"excerpt":{"rendered":"<p>\u00a0 \u00a0 Horarios de atenci\u00f3n: Lunes a Viernes de 18.30 a 22.30 hs. Direcci\u00f3n: Mitre 364 C.P. 1878 Tel\u00e9fono : sin tel\u00e9fono de l\u00ednea Ubicaci\u00f3n: \u00a0 \u00a0 \u00a0<\/p>\n","protected":false},"author":683,"featured_media":0,"parent":0,"menu_order":0,"comment_status":"closed","ping_status":"closed","template":"","meta":[],"acf":[],"_links":{"self":[{"href":"https:\/\/isfd104-bue.infd.edu.ar\/sitio\/wp-json\/wp\/v2\/pages\/825"}],"collection":[{"href":"https:\/\/isfd104-bue.infd.edu.ar\/sitio\/wp-json\/wp\/v2\/pages"}],"about":[{"href":"https:\/\/isfd104-bue.infd.edu.ar\/sitio\/wp-json\/wp\/v2\/types\/page"}],"author":[{"embeddable":true,"href":"https:\/\/isfd104-bue.infd.edu.ar\/sitio\/wp-json\/wp\/v2\/users\/683"}],"replies":[{"embeddable":true,"href":"https:\/\/isfd104-bue.infd.edu.ar\/sitio\/wp-json\/wp\/v2\/comments?post=825"}],"version-history":[{"count":42,"href":"https:\/\/isfd104-bue.infd.edu.ar\/sitio\/wp-json\/wp\/v2\/pages\/825\/revisions"}],"predecessor-version":[{"id":3633,"href":"https:\/\/isfd104-bue.infd.edu.ar\/sitio\/wp-json\/wp\/v2\/pages\/825\/revisions\/3633"}],"wp:attachment":[{"href":"https:\/\/isfd104-bue.infd.edu.ar\/sitio\/wp-json\/wp\/v2\/media?parent=825"}],"curies":[{"name":"wp","href":"https:\/\/api.w.org\/{rel}","templated":true}]}}